{"id":36,"date":"2018-04-09T19:59:41","date_gmt":"2018-04-09T19:59:41","guid":{"rendered":"http:\/\/danielrosch.ch\/?page_id=36"},"modified":"2019-12-23T14:50:57","modified_gmt":"2019-12-23T14:50:57","slug":"daniel-rosch-2","status":"publish","type":"page","link":"https:\/\/danielrosch.ch\/?page_id=36","title":{"rendered":"Sozialrecht"},"content":{"rendered":"<p>Vertiefte Kenntnisse verf\u00fcge ich in den Bereichen <strong>Kindes- und Erwachsenenschutz, Pers\u00f6nlichkeitsschutz (insb. Datenschutzrecht) und allgemeinem Verfahrens- und Verwaltungsrecht.<br \/>\n<\/strong><\/p>\n<p><a href=\"https:\/\/danielrosch.ch\/?page_id=76\">Management<\/a><\/p>\n<p><a href=\"https:\/\/danielrosch.ch\/?page_id=81\">\u00dcber mich<\/a><\/p>\n<p><a href=\"https:\/\/danielrosch.ch\/?page_id=96\">Kontakt<\/a><\/p>\n","protected":false},"excerpt":{"rendered":"<p>Vertiefte Kenntnisse verf\u00fcge ich in den Bereichen Kindes- und Erwachsenenschutz, Pers\u00f6nlichkeitsschutz (insb. Datenschutzrecht) und allgemeinem Verfahrens- und Verwaltungsrecht. Management \u00dcber mich Kontakt<\/p>\n","protected":false},"author":1,"featured_media":0,"parent":26,"menu_order":0,"comment_status":"closed","ping_status":"closed","template":"templates\/template-fullwidth.php","meta":{"footnotes":""},"class_list":["post-36","page","type-page","status-publish","hentry"],"_links":{"self":[{"href":"https:\/\/danielrosch.ch\/index.php?rest_route=\/wp\/v2\/pages\/36","targetHints":{"allow":["GET"]}}],"collection":[{"href":"https:\/\/danielrosch.ch\/index.php?rest_route=\/wp\/v2\/pages"}],"about":[{"href":"https:\/\/danielrosch.ch\/index.php?rest_route=\/wp\/v2\/types\/page"}],"author":[{"embeddable":true,"href":"https:\/\/danielrosch.ch\/index.php?rest_route=\/wp\/v2\/users\/1"}],"replies":[{"embeddable":true,"href":"https:\/\/danielrosch.ch\/index.php?rest_route=%2Fwp%2Fv2%2Fcomments&post=36"}],"version-history":[{"count":11,"href":"https:\/\/danielrosch.ch\/index.php?rest_route=\/wp\/v2\/pages\/36\/revisions"}],"predecessor-version":[{"id":484,"href":"https:\/\/danielrosch.ch\/index.php?rest_route=\/wp\/v2\/pages\/36\/revisions\/484"}],"up":[{"embeddable":true,"href":"https:\/\/danielrosch.ch\/index.php?rest_route=\/wp\/v2\/pages\/26"}],"wp:attachment":[{"href":"https:\/\/danielrosch.ch\/index.php?rest_route=%2Fwp%2Fv2%2Fmedia&parent=36"}],"curies":[{"name":"wp","href":"https:\/\/api.w.org\/{rel}","templated":true}]}}