{"id":87,"date":"2018-04-09T20:38:03","date_gmt":"2018-04-09T20:38:03","guid":{"rendered":"http:\/\/danielrosch.ch\/?page_id=87"},"modified":"2024-08-12T16:20:41","modified_gmt":"2024-08-12T16:20:41","slug":"praxiserfahrung","status":"publish","type":"page","link":"https:\/\/danielrosch.ch\/?page_id=87","title":{"rendered":"Praxiserfahrung &#038; Mitgliedschaften"},"content":{"rendered":"\n<p>seit 2024: <strong>Redaktor<\/strong> f\u00fcr Kindes- und Erwachsenenschutzrecht bei <a href=\"https:\/\/www.weblaw.ch\/competence\/editions_weblaw\/jusletter\/redaktion.html\" data-type=\"link\" data-id=\"https:\/\/www.weblaw.ch\/competence\/editions_weblaw\/jusletter\/redaktion.html\">jusletter.ch<\/a><\/p>\n\n\n\n<p>seit 2024: Mitglied <strong>Expertengruppe freiheitsbeschr\u00e4nkende Massnahmen<\/strong> des nationalen Vereins f\u00fcr Qualit\u00e4tsentwicklung in Spit\u00e4lern und Kliniken (ANQ)<\/p>\n\n\n\n<p>2019-2023: Leiter der<strong> Tagung zum Kindes- und Erwachsenenschut<\/strong>z des Europainstituts der <strong>Universit\u00e4t Z\u00fcrich<\/strong><\/p>\n\n\n\n<p>seit 2017: Co-Herausgeber der<strong> Schriften zum Kindes- und Erwachsenenschutz<\/strong> (St\u00e4mpfli Verlag)<\/p>\n\n\n\n<p>seit 2016: Redaktionsmitglied <strong>FamPra.ch<\/strong> (<a href=\"http:\/\/www.fampra.ch\">www.FamPra.ch<\/a>)<\/p>\n\n\n\n<p>2016 &#8211; 2018: Gr\u00fcndungs- und Vorstandsmitglied Interessengemeinschaft f\u00fcr Qualit\u00e4t im Kindesschutz (<a href=\"http:\/\/www.qualitaet-kindesschutz.ch\">www.qualitaet-kindesschutz.ch<\/a>)<\/p>\n\n\n\n<p>2012-2022: Co-Leiter der <strong>Luzerner Tagung zum Kindes- und Erwachsenenschutz <\/strong>der Hochschule Luzern Soziale Arbeit<\/p>\n\n\n\n<p>seit 2009: <strong>Fallsupervisionen<\/strong> insb. f\u00fcr Berufsbeist\u00e4nd*innen und Kesb in div. Gemeinden<\/p>\n\n\n\n<p>seit 2009: hauptamtlicher<strong> Dozent\/Prof. (FH) Dr. iur.<\/strong> &amp; Projektleiter an der Hochschule Luzern &#8211; Soziale Arbeit im Kompetenzzentrum <strong>Kindes- und Erwachsenenschutz<\/strong> des Institutes Sozialarbeit und Recht (Schwerpunkte: Kindes- und Erwachsenenschutzrecht\/ Pers\u00f6nlichkeitsschutz\/ gesetzliche Sozialarbeit\/ Nonprofit-Management). In diesem Zusammenhang diverse Aufgaben, u.a.<\/p>\n\n\n\n<p>&#8211; Leiter des CAS Mandatsf\u00fchrung<\/p>\n\n\n\n<p>&#8211; Co-Leiter des CAS Abkl\u00e4rung und Anordnung<\/p>\n\n\n\n<p>&#8211; Co-Leiter der Luzerner Tagung zum Kindes- und Erwachsenenschutz<\/p>\n\n\n\n<p>&#8211; div. Forschungsprojekte (z.B. Luzerner Abkl\u00e4rungsinstrument zum Erwachsenenschutz, Berner und Luzerner Abkl\u00e4rungsinstrument zum Kindesschutz, Angeh\u00f6rige und Fachpersonen im Kindes- und Erwachsenenschutz)<\/p>\n\n\n\n<p>&#8211; div. massgeschneiderte Schulungen, Workshops und Implementationen (z.B. AJB Z\u00fcrich, SOD Z\u00fcrich, KJD Basel, Pro Infirmis Schweiz, GAZ Z\u00fcrich; div. Gemeinden)<\/p>\n\n\n\n<p>2004 &#8211; 2009: <strong>Leiter Bereich Soziales<\/strong> der Stadt Zofingen (Bereiche Sozialhilfe, Kindes- und Erwachsenenschutzrecht, Jugend &amp; Pr\u00e4vention, Asylbewerber\/-innen, Schulsozialarbeit)<\/p>\n\n\n\n<p>2005 &#8211; 2017: <strong>Dozent<\/strong> an der Berner Fachhochschule f\u00fcr Soziaie Arbeit f\u00fcr den Bereich Kindes- und Erwachsenenschutz<\/p>\n\n\n\n<p>2004: Rechtsdienst der Sozialhilfe der Stadt Basel<\/p>\n\n\n\n<p>2003-2006: Mitglied <strong>Vormundschaftskommission<\/strong> des Kantons Basel Landschaft (verwaltungsinterne Aufsichtsbeh\u00f6rde der Vormundschaftsbeh\u00f6rden, Entscheidbeh\u00f6rde bei Entzug der elterlichen Sorge, Entm\u00fcndigungen, Beiratschaften, FFE sowie FFE-Pikettdienst)<\/p>\n\n\n\n<p>2003\/2004: Praktika im Rahmen der Ausbildung in der <strong>Amtsvormundschaft<\/strong> K\u00f6niz und <strong>Gemeinwesenarbeit<\/strong> Bern Nord<\/p>\n\n\n\n<p>2002-2006: Gesch\u00e4ftsf\u00fchrender <strong>Friedensrichter<\/strong> im Wahlkreis Muttenz\/Birsfelden<\/p>\n\n\n\n<p>2002-2004: <strong>Leiter Stabsstelle Recht<\/strong> einer \u00f6ffentlich-rechtlichen K\u00f6rperschaft in Basel &#8211; Stadt<\/p>\n\n\n\n<p><a href=\"https:\/\/danielrosch.ch\/?page_id=84\">Aus- und Weiterbildungen<\/a><\/p>\n\n\n\n<p><a href=\"https:\/\/danielrosch.ch\/?page_id=90\">Publikationen<\/a><\/p>\n\n\n\n<p><a href=\"https:\/\/danielrosch.ch\/?page_id=93\">Tagungsreferate\/Workshop<\/a><\/p>\n\n\n\n<p><a href=\"https:\/\/danielrosch.ch\/?page_id=377\">Forschung<\/a><\/p>\n\n\n\n<p><a href=\"https:\/\/danielrosch.ch\/?page_id=96\">Kontakt<\/a><\/p>\n","protected":false},"excerpt":{"rendered":"<p>seit 2024: Redaktor f\u00fcr Kindes- und Erwachsenenschutzrecht bei jusletter.ch seit 2024: Mitglied Expertengruppe freiheitsbeschr\u00e4nkende Massnahmen des nationalen Vereins f\u00fcr Qualit\u00e4tsentwicklung in Spit\u00e4lern und Kliniken (ANQ) 2019-2023: Leiter der Tagung zum Kindes- und Erwachsenenschutz des Europainstituts der Universit\u00e4t Z\u00fcrich seit 2017: Co-Herausgeber der Schriften zum Kindes- und Erwachsenenschutz (St\u00e4mpfli Verlag) seit 2016: Redaktionsmitglied FamPra.ch (www.FamPra.ch) 2016 &hellip; <\/p>\n","protected":false},"author":1,"featured_media":0,"parent":81,"menu_order":0,"comment_status":"closed","ping_status":"closed","template":"templates\/template-fullwidth.php","meta":{"footnotes":""},"class_list":["post-87","page","type-page","status-publish","hentry"],"_links":{"self":[{"href":"https:\/\/danielrosch.ch\/index.php?rest_route=\/wp\/v2\/pages\/87","targetHints":{"allow":["GET"]}}],"collection":[{"href":"https:\/\/danielrosch.ch\/index.php?rest_route=\/wp\/v2\/pages"}],"about":[{"href":"https:\/\/danielrosch.ch\/index.php?rest_route=\/wp\/v2\/types\/page"}],"author":[{"embeddable":true,"href":"https:\/\/danielrosch.ch\/index.php?rest_route=\/wp\/v2\/users\/1"}],"replies":[{"embeddable":true,"href":"https:\/\/danielrosch.ch\/index.php?rest_route=%2Fwp%2Fv2%2Fcomments&post=87"}],"version-history":[{"count":19,"href":"https:\/\/danielrosch.ch\/index.php?rest_route=\/wp\/v2\/pages\/87\/revisions"}],"predecessor-version":[{"id":802,"href":"https:\/\/danielrosch.ch\/index.php?rest_route=\/wp\/v2\/pages\/87\/revisions\/802"}],"up":[{"embeddable":true,"href":"https:\/\/danielrosch.ch\/index.php?rest_route=\/wp\/v2\/pages\/81"}],"wp:attachment":[{"href":"https:\/\/danielrosch.ch\/index.php?rest_route=%2Fwp%2Fv2%2Fmedia&parent=87"}],"curies":[{"name":"wp","href":"https:\/\/api.w.org\/{rel}","templated":true}]}}